Let k(p) = -5*p + 107. Give k(g).
47
Let g be (-1 - 1)*-2*9/36. Let u(o) be the first derivative of 1/3*o**3 - 1/2*o**2 - 2*o**4 - g + 0*o. Calculate u(1).
-8
Let l(b) be the second derivative of -1/6*b**3 + 0 + 0*b**2 - 8*b. Suppose -9*p + 13*p = 20. Calculate l(p).
-5
Let v(l) = -16*l - 1. Suppose 0 = 15*d - 18*d + 9. Suppose 0 = u - 2*s - d, -9*u + 5*u = -2*s. Give v(u).
15
Suppose 4*o - 4 - 10 = 10. Let v(y) = y**3 - 7*y**2 + 3*y + 4. Determine v(o).
-14
Let t(n) be the third derivative of 2*n**5/15 - n**2 - 64*n. Let r(s) = 3*s**2. Let a(x) = -16*r(x) + 5*t(x). What is a(-1)?
-8
Let t(f) be the third derivative of f**5/6 + 3*f**4/8 - 44*f**2 - 6*f. Determine t(-1).
1
Let s(h) be the third derivative of -h**5/60 + h**4/8 - 5*h**3/6 + h**2. Suppose -3*l - 5*y + 82 = 0, -34*y + 10*y = -3*l - 324. What is s(l)?
-9
Let w = 71 - 64. Let v(r) = -11 + r - 3 + 10 - r**2 - w*r. Let b = -49 - -43. Determine v(b).
-4
Let o(x) = -x**2 - 9*x - 9. Let d be (-42)/(-15)*(-30)/(-4). Suppose 3 + d = -3*w. What is o(w)?
-1
Let d be (-3)/((9/(-2))/(-3)). Let u = 768 - 766. Let l(y) = -10 - y + 11 + y + 0*y**2 - 4*y - y**u. Determine l(d).
5
Suppose -s = -3, -4*s + 33 = -15*r + 12*r. Let o(w) = 2*w**2 + 3*w - 7. Let y(u) = -5*u**2 - 6*u + 16. Let i(m) = r*o(m) - 3*y(m). What is i(6)?
19
Let l(n) = -17*n**2 + 3*n - 1. Let r(k) = 4*k**2 - k. Let y(v) = 2*l(v) + 9*r(v). Suppose 3*q + 36 - 11 = -5*d, d - 4*q - 18 = 0. Give y(d).
12
Let c be (-1)/(4/24*-2). Suppose -c*i = -2*i + 2. Let f(m) = -9*m**2 - 18*m - 4. Let g(h) = -5*h**2 - 10*h - 2. Let l(u) = 4*f(u) - 7*g(u). Determine l(i).
-2
Suppose -5*b + 18 = -2*p, p - 18 = -180*b + 178*b. Let y(o) be the second derivative of o**3/2 + 3*o**2 + 15*o. Calculate y(b).
24
Let k(m) = -m + 17608951*m**3 - 17608952*m**3 - 4 + 2*m - m**2. Let h be 2/(-3) - (-14)/(-6). Give k(h).
11
Suppose 7*n + 234 = -6*n. Let z be n/5*(-35)/21. Let p(q) = q**3 - 5*q**2 - 3*q - 6. What is p(z)?
12
Let z(j) = j - 29 + 9 + 12. Suppose -16 = -13*f + 62. Determine z(f).
-2
Let p(a) = -a + 37. Suppose -3*x = 5*r - 13, 0 = -15*r + 16*r - x - 9. Suppose -u = u + 3*o - 3, u + r*o - 5 = 0. Calculate p(u).
37
Let j(m) = m**2 + 11*m + 12. Let p = -272 - -274. Suppose 46 = -6*t - p. Calculate j(t).
-12
Let b(k) = -22598*k**2 - 5 - 5*k - 16 + k**3 + 22607*k**2. Give b(-9).
24
Let b(k) = 2*k**2 - 44*k + 226. Let m be b(14). Let y(v) = 27*v - 4. Give y(m).
50
Let n = 8 - 6. Let r(m) = 6 - 1 - 2 - m**2 + m - n. Suppose -5*y = 5*v, -y + 2*v + 2*v = -10. What is r(y)?
-1
Let t(v) = -v**2 + 2*v + 2. Let q = 371 - 371. Suppose 3*k + q = -3. What is t(k)?
-1
Let c(h) be the second derivative of -h**4/12 + 7*h**3/6 - 3*h**2/2 - 5*h. Let o be (-1)/((-98)/99 + 1) + 4. Let v = o + 102. Give c(v).
-3
Let g(r) = 22 - 14*r - 15*r + 30*r. Suppose 41*c + 840 = -c. Determine g(c).
2
Let k(i) = -i - 11653*i**2 + 3*i + 7*i + 13 + 11654*i**2. Determine k(-7).
-1
Let j be 86/(-387)*27*2/12*-2. Let s(p) be the second derivative of 0*p**j + 0 + 32*p + 1/6*p**3 - 23/12*p**4. What is s(1)?
-22
Let p(f) = 2*f + 11. Let a(v) = 2*v**2 - 7*v - 33. Let t(r) = a(r) + 3*p(r). Calculate t(-1).
3
Let h(y) = -y**3 + 34*y - 72. Let n be h(3). Let p(i) = -5*i + i**2 - 2 - 2 + 5 - 2. Give p(n).
-7
Let q(n) = -79 + 212 - 150 + 4*n - 102. What is q(25)?
-19
Let b(w) = -113*w - 29. Let d(y) = -553*y - 146. Let i(h) = -29*b(h) + 6*d(h). What is i(-1)?
6
Let f = 33 + -29. Suppose -2*v + f*v = -z + 62, 5*v - 149 = -4*z. Suppose -3*n + 5*w = -v, 2*w + 8 - 2 = 0. Let b(q) = q**2 - 9*q + 9. Calculate b(n).
-9
Let z(s) be the second derivative of 0 - 74*s + 5/6*s**3 - s**2 + 1/12*s**4. Let n = -3 - 0. Determine z(n).
-8
Let w(x) = 2*x**2 - 4*x + 1. Let q(c) = -c**3 + 25*c**2 + 27*c - 23. Let r be q(26). Let j(l) = -11*l + 37. Let h be j(r). Give w(h).
17
Let a(p) = -4*p + 0 + 4 + 7*p**2 - 2*p. Let s(c) = -8 - 2557*c**2 + 1274*c**2 + 11*c + 1270*c**2. Let v(y) = 11*a(y) + 6*s(y). Give v(-3).
-13
Suppose 2*z = 4*y + 14, 2*y - 3 + 13 = 4*z. Let n(j) = j**2 + j**2 + 0*j - j**2 - j + 1. Let m(p) = 3*p**2 + p - 2. Let w(v) = m(v) + 2*n(v). Give w(z).
4
Let x(m) = -3*m**3 + 7*m**2 - 2*m**2 + 7*m - 7 + 2*m**3. Let y be (-12)/(-9)*(-324)/(-72). Give x(y).
-1
Let s(f) = 7*f**3 + 25*f**2 + 23*f - 6. Let g(o) = -4*o**3 - 12*o**2 - 11*o + 3. Let r(n) = 5*g(n) + 3*s(n). Let m be (-90)/9*(-3 - (-44)/10). Calculate r(m).
-3
Suppose -210 = 4*s + 1474. Let x = -425 - s. Let q(b) = -2*b - 3. Determine q(x).
5
Let s(p) = -25*p + 43. Let c = -1332 - -1334. Calculate s(c).
-7
Suppose 2*y + 87 = 3*v + 3, 2*v = -4*y + 56. Let x(c) = -2*c**2 + 59*c - 82. Calculate x(v).
2
Let b(s) = -s + 9. Let n(t) = t - 9. Let z(m) = 3*b(m) + 2*n(m). Let y be z(15). Let i(c) = -8 - c + 11 - 8. Calculate i(y).
1
Suppose 53*g = 1348 - 394. Let i(l) = 2*l**2 - 34*l - 37. Determine i(g).
-1
Let c(p) = 10*p - 11 + p - 4*p**3 + 13*p**2 - 9 + 5*p**3 - 22*p**2. Let h be (-12)/54 - 74/(-9). Calculate c(h).
4
Let b(u) = -5*u**3 + 10*u**2 - 11*u - 6. Let w(s) = -s**3 - s. Let q(c) = -b(c) + 4*w(c). Suppose -4*f - 315 = -f. Let p = -96 - f. Calculate q(p).
-12
Let p be (12/(-20))/((-1)/20). Suppose 95 + 49 = p*q. Let u(a) = a**2 - 12*a + 1. Determine u(q).
1
Let c(r) be the first derivative of r**4/4 + 3*r**3 + 5*r**2 + 4*r - 4039. Give c(-8).
-12
Let x(r) be the second derivative of r**5/20 - 23*r**4/12 + 7*r**3 + 5*r**2/2 - 2330*r. Determine x(21).
5
Let k(s) = s**2 + 9*s + 9. Let o be k(-8). Suppose 11 = -4*u - o. Let d = -6 - u. Let h(f) = f**3 + 4*f**2 + 3*f + 1. Give h(d).
1
Let h(w) be the second derivative of w**4/12 - w**3/3 + 6*w - 140. Let p be 3/12 + 30/8. Give h(p).
8
Let m(p) = 8*p - 1. Let o(f) = f**3 + 3*f**2 - 2*f - 2. Let k be o(-2). Let g be m(k). Let j(u) = 2*u - 1 - 2*u + g*u**2 - 45*u**2. What is j(1)?
1
Let k(x) = -x**3 - 15*x**2 + 17*x - 5. Let t(a) = -7*a**2 + 25*a - 4. Let u be t(4). What is k(u)?
-21
Let c(q) be the third derivative of -q**6/120 + q**5/30 + q**3/6 + 1469*q**2. Give c(3).
-8
Let q(t) = -223*t - 445. Let p be q(-2). Let y(x) = 4*x**2 - 4*x + 4. Calculate y(p).
4
Let t(c) be the first derivative of -c**4/4 + 8*c**3/3 - 13*c**2/2 + 45*c - 12576. Determine t(7).
3
Let i(h) = -6*h + h**2 + 32 - 69 + 33. Let d(u) = -21*u + 197. Let r be d(9). What is i(r)?
12
Let t(m) = 2*m - 28. Let d(a) = -7*a + 140. Let p(u) = 3*d(u) + 14*t(u). Determine p(-5).
-7
Let n = 433 - 432. Let l be -1*(-2 + n - 0). Let w(q) = 5*q**3 + q - 1. Determine w(l).
5
Let x(l) = 136*l + 3 + 146*l - 3 - 277*l. Let v(q) = 16*q - 4. Let c(t) = -3*t + 1. Let r(d) = -11*c(d) - 2*v(d). Let o be r(4). Give x(o).
5
Suppose -2*v = 3*g - 3, 0 = 5*g - 7*g - 5*v - 9. Let c(a) = -a**3 - 4*a**2 + a - 4. Calculate c(g).
-64
Let r be 43575/4375 - (-2)/50. Let s(z) = -25*z + 245. Determine s(r).
-5
Suppose u - 4 = -u. Let a be (-1)/(u - (-9)/(-5)). Let m(q) be the second derivative of -q**4/12 - q**3/6 + q**2 + 14114*q. Calculate m(a).
-18
Suppose -48 = -14*c - 49 - 111. Let s(j) be the third derivative of j**5/60 + j**4/3 + j**3/3 + 4*j**2. Calculate s(c).
2
Let h(w) = -13*w + 3. Suppose -120*z + 160*z + 120 = 0. Give h(z).
42
Let y(g) be the third derivative of -g**4/6 + 4*g**3/3 - 7*g**2 - 1158*g. Suppose -5*z + 31 = r, -z - 2 = -5*r - 3. Give y(z).
-16
Let i(u) be the first derivative of u**5/60 - 3*u**4/8 + 3*u**3/2 - 5*u**2/2 + 5*u + 184. Let d(g) be the second derivative of i(g). Calculate d(8).
1
Let l(r) = 8*r + 2797 - 1279 - 1368. Give l(-25).
-50
Let j(b) = -24*b**3 + b**2 - 97*b + 97. Let z be j(1). Let y(p) = -p**3 - 24*p**2 - 20*p + 71. Determine y(z).
2
Let r(o) be the second derivative of o**5/20 - o**4/6 + o**3/3 - o**2/2 + 1283*o. What is r(2)?
3
Let a = 342 - 340. Suppose -15*i = a*l - 13*i - 12, i = 4. Let g(s) = -s**3 + s**2 - s. What is g(l)?
-6
Let b(h) = 2*h**2 - 45*h + 27. Let o be b(22). Suppose -6 = r - 10*c + 8*c, o*r + 5 = 5*c. Let g(v) = -4*v + 7. Give g(r).
-9
Suppose -3 = -12*t - 3. Suppose 20*j + 20 = -t. Let p(x) = x**3 - 15*x**2 - 2*x + 13. Let n(s) = -7*s**2 - s + 6. Let r(o) = 13*n(o) - 6*p(o). Give r(j).
6
Let b(h) = -74*h**2 + 5*h - 41. Let u(w) = 53*w**2 - 3*w + 27. Let d(l) = 5*b(l) + 7*u(l). Give d(7).
61
Let z(l) be the third derivative of -7*l**5/60 - 11*l**4/24 + l**2 - 16*l. Let g(r) = r**2 - 1. Let m(j) = -6*g